 s = 11 + z. What is the units digit of s?
2
Let r(z) = 162*z**2 - z + 1. What is the units digit of r(1)?
2
Let q = 2 + 0. Suppose 45 = -m - q*m. Let d = -7 - m. What is the units digit of d?
8
Suppose 4*n - 8 = -0*n. Suppose -31 = -n*z + 9. What is the tens digit of z?
2
Let s = 370 + -227. What is the hundreds digit of s?
1
Let g(u) be the second derivative of u**3/2 - 2*u**2 - 3*u. What is the tens digit of g(5)?
1
Suppose -41 - 121 = -6*d. What is the units digit of d?
7
Suppose -5*t + 0*g = -3*g + 3, 0 = -t - g - 7. What is the units digit of (2/(-5))/(t/45)?
6
Suppose -4*t - t - 3*q = -92, t = 3*q + 4. Let h = 28 - t. What is the units digit of h?
2
Let w(d) = -17*d + 5. Let a(t) = -6*t + 2. Let y(f) = -11*a(f) + 4*w(f). Let z be (-16)/2 + -2 + 3. What is the units digit of y(z)?
2
Let i = -26 - -102. What is the tens digit of i?
7
Suppose -4*v - 2*j + 229 = -287, 4*v - 5*j - 502 = 0. What is the hundreds digit of v?
1
Suppose -z + 7*z - 858 = 0. What is the tens digit of z?
4
Let b(t) = 3*t - 6. Let u be b(2). What is the units digit of 0 + u + 378/9?
2
Let y(g) = -15*g**3 - g**2. Let w be y(1). Let u = -20 + 43. Let p = u + w. What is the units digit of p?
7
Suppose -j = j - 8. Let g be ((-4)/5)/(j/(-20)). What is the units digit of 2*(-2)/g*-5?
5
Let r(s) = s**2 - 1 - 3*s + 7*s + 0*s. What is the units digit of r(-5)?
4
Suppose 0 = -6*g + 7*g - 25. What is the tens digit of g?
2
Let y = 25 - 9. Let b(p) = 7*p**2 + 2*p. Let m be b(-1). Suppose -3*t + m - y = -4*j, -2*j = 2*t - 16. What is the units digit of j?
5
Let g = -141 - -87. Let w = g - -75. What is the tens digit of w?
2
Let p(f) = 16*f**2 - 5*f + 18. What is the units digit of p(4)?
4
Suppose 2*d - 7 = -c, 0*d - 64 = -4*c + d. Suppose 2*m + 4 = p, 0 = -4*m - m - c. What is the units digit of (p/(-4))/(3/6)?
1
Suppose -5*x + 2*q + 14 + 63 = 0, 4*x - 65 = 5*q. Let t = -2 + x. What is the units digit of t?
3
Let t be (-4)/((-16)/4)*4. Suppose t*w - 39 - 93 = 0. What is the tens digit of w?
3
What is the units digit of (-4 - -5)/(3/33)?
1
Let x(o) = o**3 - o**2 + o + 39. Suppose -4*y = -0*y. Let f be x(y). Suppose f = 5*s - 2*u, -5*s + 4*u + 37 = 3*u. What is the units digit of s?
7
Let w(h) = 5*h**2 - 1. Suppose 0 = -3*t - 0 - 3. Let s be w(t). Suppose -12 = -s*p - 0. What is the units digit of p?
3
Let a = 14 + -3. Let v = -5 + a. What is the units digit of v?
6
Let g(w) = w**3 + 7*w**2 - w - 8. Let q be g(-7). Let v be (63 - -2) + (2 - q). Suppose -b + 5*b - v = 0. What is the tens digit of b?
1
Suppose 0 = p - 4*i - 65, -5*i + 10*i + 20 = 0. What is the tens digit of p?
4
Suppose -6*d + 160 = -d. What is the units digit of d?
2
Let g(s) = s**2 + 10*s - 1. Let n(u) = -2*u**2 - 20*u + 1. Let f(k) = -5*g(k) - 2*n(k). Let m be f(-7). Suppose 4*i - m = 2*i. What is the units digit of i?
2
Suppose 3*g - 6 = 3*k, -4*g - 4*k - 6 = 2. Suppose g = -n + 4 - 0. What is the units digit of n?
4
What is the tens digit of 6/2 + 4*21?
8
Let k be (-14)/(-2) - 0/(-2). Let y(n) = -n**2 + 9*n - 6. What is the units digit of y(k)?
8
Let r(k) = k + 7. Let v be r(-5). Suppose 50 = 4*g - 0*n - v*n, 5*n = 3*g - 48. What is the units digit of g?
1
Let j = 0 + 2. Suppose 5*g + 16 = -3*d, -4*d + j*g + g = -27. Suppose k = -0*k + d. What is the units digit of k?
3
Let j(v) = -v**3 + 3*v**2 + v + 4. What is the units digit of j(-3)?
5
Let q be (9/6)/(3/52). Suppose q = -3*y - 7. Let r = 15 + y. What is the units digit of r?
4
Suppose -4*l = -3*l - 9. Let o be (-20)/9 + 2/l. Let u = o + 4. What is the units digit of u?
2
Let c be (-100)/(-5)*2/(-4). Let n = 18 + c. What is the units digit of n?
8
Let m(v) = -3*v - 2. Let c be m(-2). Suppose 0 = -c*o + 3*q + 40, o + 11 = 2*o - q. What is the units digit of 2/2 + -3 + o?
5
Let b(f) = -f**2 + f + 1. Let q(u) = u**2 + 3*u - 1. Let i(g) = -2*b(g) - q(g). Let n be i(4). What is the units digit of 1/n - 82/(-10)?
8
Suppose 3*f = -4*p + f + 192, -5*p + 2*f + 222 = 0. What is the units digit of p?
6
Let d(j) = j**3 + 5*j**2 + 4*j + 2. Let m be d(-4). Suppose 0*f + 54 = m*f. What is the tens digit of f?
2
Suppose -20 = -v + 7. Suppose -h = 2*h - v. What is the units digit of h?
9
Let x be (-4)/(-6) - 28/(-12). Suppose 0 = -y + 5 - x. Suppose -3*q + 3*v + 24 = 0, 4*q + y*v - 8 = -2*v. What is the units digit of q?
5
Suppose -q + 2*a = -38, -5*q = 2*a - 0*a - 250. Suppose -4*j + q = -2*j. What is the units digit of j?
4
Let n = -141 - -210. What is the units digit of n?
9
Let i(j) = -11*j - 3. Let d be i(-9). Suppose 3*z - p - 130 = 0, 3*z - 5*z = -3*p - d. What is the units digit of z?
2
Suppose t + 0 = -1. Let n be 4/4 + (t - 0). Let w = n - -4. What is the units digit of w?
4
Suppose 0 = -h + k + 64, 0 = 4*h + k + 3*k - 272. What is the units digit of h?
6
Let r(a) = -2*a**2 + 2*a + 1. Let j be r(2). What is the units digit of 3/(-2)*16/j?
8
Suppose -10*t = -1161 - 259. What is the hundreds digit of t?
1
Let g = -10 - -17. Suppose 0 = -3*h - 4 + g. Suppose 0 = -o + 22 - h. What is the units digit of o?
1
Let a = -5 - -6. What is the tens digit of (19 + -1)*(a - 0)?
1
Let s(j) = j**2 + j - 4. Let c be 15/(-3) - 2*-1. Let g be s(c). Suppose 0 = -2*t - g + 18. What is the units digit of t?
8
Suppose -5*g + 3 = 18, -15 = 5*f + 5*g. Let x = f + 2. Suppose 7 + 3 = 2*o - x*p, -5*o = 4*p - 7. What is the units digit of o?
3
Suppose 9 = 3*o - 0*o. Suppose -2*s = s - w - 44, o*s = -w + 34. What is the units digit of s?
3
Let m be 3/3 + 4 + -3. Let f be -3*-1*m/2. Suppose -2*t - f*t = -65. What is the tens digit of t?
1
Let d(b) = -b + 8. Suppose -5*t + 30 = -0*t. Let u be d(t). What is the units digit of (-8)/u*-2 + -2?
6
Let o(q) = -7*q**2 - 10*q - 8. Let x(b) = 4*b**2 + 5*b + 4. Let y = -1 + -4. Let h(l) = y*x(l) - 3*o(l). What is the units digit of h(-6)?
0
Suppose 4*l = 1 - 5. Let v(d) = -d. What is the units digit of v(l)?
1
Let h = -17 - -21. Suppose 97 = h*m + l, -3*m - 3*l = 2*l - 94. What is the units digit of m?
3
Suppose 2*c + 2*a = 74, 2*c - 67 - 27 = 3*a. What is the units digit of c?
1
Let a(j) = 24*j + 22. What is the hundreds digit of a(6)?
1
What is the tens digit of (8/(-10))/(0 - 2/215)?
8
What is the units digit of ((-30)/4)/(51/(-68))?
0
Let y be ((-84)/18)/((-2)/3). Let z be 72/y + (-20)/70. What is the units digit of (-15)/z*(-2)/3?
1
Suppose -v + 13 = 5*d, -2*v - 23 + 7 = -4*d. Suppose 0 = 4*s - d - 13. Suppose -2*m = -s - 4. What is the units digit of m?
4
Let o(g) = g**3 - 5*g**2 - 6*g + 2. Let m be o(6). Suppose 0 = n - m*p - 5, -p = -0*p - 1. What is the units digit of n?
7
Let d = 135 - 27. What is the units digit of d?
8
Let q = -7 - -11. Suppose q*k - 55 = -k. What is the units digit of k?
1
Let r(v) = v**3 - 3*v**2 - 5*v + 6. Let u be r(4). Let a = 2 + u. Let z = a - 3. What is the units digit of z?
1
Let i be 4/14 + 206/14. Let h be (12/i)/((-2)/50). What is the units digit of (-2)/(-10) + (-36)/h?
2
Suppose 0 = -5*q + 5*h + 865, 6*q = 2*q + 2*h + 696. What is the hundreds digit of q?
1
Suppose 3*o = 4*x + 268, 5*o = o - x + 389. Suppose -b - 5*s + 60 = 3*b, -5*b - s + o = 0. What is the tens digit of b?
2
Let y(h) = -h**3 - 10*h**2 + 24*h - 10. What is the units digit of y(-13)?
5
Suppose -3*y = -4*y + 2. Suppose -y*s + 60 = 3*g, -g + 4 = 5*s - 3. What is the tens digit of g?
2
Let f = 26 + 30. What is the tens digit of f?
5
Let p = 8 + 53. What is the units digit of p?
1
Let p = -9 + 10. Suppose 2*k + 5*o = -1, o + 0*o - p = 0. What is the units digit of k*1 - (-46)/2?
0
Let g(i) = i**3 - 9*i**2 + 7*i + 3. Let j be g(8). Let v be ((-8)/10)/(2/j). Suppose 4*r - 14 = -v*t, 4*r + 2*t = -3*t + 29. What is the units digit of r?
1
Suppose -2*c + 40 = -0*c + p, 5*c = p + 107. Suppose -5*x + 94 = -c. What is the units digit of x?
3
Let r(g) = -g**2 + 6*g - 1. Let w be r(5). Suppose 5*d = 4*l - w, 0*l - 1 = 4*d - l. Suppose 4*u + d*u - 20 = 0. What is the units digit of u?
5
Let s = 23 - 16. Suppose -132 = 3*o - s*o. What is the tens digit of o?
3
Suppose 3*v + 3 = 3*u + 6, 31 = 4*u + 3*v. Suppose 0 = u*c - 7*c + 69. What is the tens digit of c?
2
Let r be 2 - 0/3*1. Let q = r - 3. What is the units digit of (-1)/(-1) + 2 + q?
2
Let n(j) = j**3 + 6*j**2 + 2. Let c be n(-6). What is the units digit of ((-1)/((-1)/c))/1?
2
What is the tens digit o